8
Suppose -4024 = -2*x + 5*n, 12*x + 4*n = 13*x - 2018. What is the thousands digit of x?
2
Suppose -4*j + 8*j + 20 = 0. What is the units digit of (-607)/j + (-10)/25?
1
Suppose -5*q - 1678 = 3*u - 5*u, 2517 = 3*u + 4*q. What is the tens digit of u?
3
Let k = -17 - -19. Let i(o) be the third derivative of o**5/30 + o**4/24 + o**3/6 + 4*o**2. What is the tens digit of i(k)?
1
Let c = 0 - -3. Suppose -4*b - 7*b = -385. Suppose 4*m + c*a = -m + 37, -3*m - 5*a + b = 0. What is the units digit of m?
5
Let h = -397 - -570. Let w = h - 90. What is the units digit of w?
3
Let i = 20 + -18. Let a be -60 - 1*(1 + i). Let w = a - -91. What is the tens digit of w?
2
Let f(l) = -3*l + 14. Suppose 0 = p + 2*w - 0 - 3, 0 = 5*p - 3*w + 37. What is the units digit of f(p)?
9
Let s be 9 - 13 - (1 - 1). Let r = 8 - s. What is the units digit of (r/18)/(4/54)?
9
Let i(f) = -f**3 - 4*f + 44 - f + 29*f**2 - 52*f**2. What is the hundreds digit of i(-23)?
1
Let r(z) = -4*z + 17. Let t be r(5). What is the tens digit of (-4121)/(-65) - t/5?
6
Let z(m) = -81*m - 3. What is the hundreds digit of z(-9)?
7
Let p(h) be the first derivative of 23*h + 1 - 3/2*h**2. What is the tens digit of p(0)?
2
Let w = 2928 - 1567. What is the tens digit of w?
6
Let q be ((-2)/4)/((-6)/348). Let a = -23 + q. Suppose 0 = 3*l - a*l + 51. What is the tens digit of l?
1
Let t = -165 - -238. What is the units digit of t?
3
Let d(x) = -9*x**3 + 3*x**2 - 4*x - 2. Let g(k) = k**2 - k - 1. Let c(t) = -d(t) + 3*g(t). What is the units digit of c(1)?
9
Let o be (-15)/18*(-12 + 6). Suppose 233 = o*f + 4*i, i + 100 = 2*f + 6*i. What is the tens digit of f?
4
Let d(n) = n**3 - 6*n**2 - 4*n - 9. Suppose 12 = b + 4. What is the units digit of d(b)?
7
Let f(y) = -35*y**2 - 10*y - 5. Let s(k) = -7*k**2 - 2*k - 1. Let m(c) = 2*f(c) - 11*s(c). What is the units digit of m(3)?
0
Let p(u) = u**2 + u. Let j be p(0). Let q = 94 - 68. Suppose -o + q - 9 = j. What is the units digit of o?
7
Suppose 3*a - 11 = 2*a. Suppose -a = -6*m + 19. Let c(b) = 13*b + 10. What is the units digit of c(m)?
5
Suppose -2*k - 107 = -3*p, -4*p - 3*k + 120 = -0*k. What is the units digit of 2 + -2 + 4 + p?
7
Let d = 251 + 386. What is the hundreds digit of d?
6
Let t = -67 + 66. What is the tens digit of 59 + 3 + t*(-1 + 1)?
6
Suppose -28 = -6*w + 2*w. Let l = w + -5. Suppose l*o - o + 5*r - 55 = 0, 0 = 5*o - 4*r - 188. What is the tens digit of o?
4
What is the tens digit of -9 + 6 + 81*8?
4
Let f(y) = y**3 + 8*y**2 + 4*y - 1. Suppose 0 = 5*j + 2 + 13. What is the tens digit of f(j)?
3
Let p(a) = -28*a + 55. What is the units digit of p(-37)?
1
Let x(k) = 2*k**2 - 35*k + 12. What is the hundreds digit of x(-5)?
2
Suppose 4*c = 4*i, i - 1 = 2. Suppose c*y - 4*y - 11 = -4*n, -y = 4*n - 5. What is the units digit of -3 + (y - 220/(-4))?
9
Let z(s) = 82*s**2 - 16*s + 32. What is the hundreds digit of z(5)?
0
Let o be ((-8)/(-4))/((-4)/(-8)). Suppose 0 = -0*h + o*h. Suppose -3*n + 2*u + 39 = h, n - 3*u - 39 = -2*n. What is the units digit of n?
3
Let g = 9 + -1. Let m(j) = -j**2 + 6*j + 7. Let b be m(g). Let t = 15 - b. What is the tens digit of t?
2
What is the tens digit of (-1002)/15*(43 - 53)?
6
What is the hundreds digit of -4 + 20/8 - 1783/(-2)?
8
Let c be (-2)/(-9) - (-374)/18. Let j(i) = -i**3 + 5*i**2 - 2*i + 1. Let q be j(5). Let s = q + c. What is the tens digit of s?
1
Suppose 13*x - 451 = 17. What is the units digit of x - (-4 + 0) - (1 + 2)?
7
Suppose 4*y - 3*r = -31, 2*r + 2 = -3*y - 0. What is the tens digit of (1315/(-10))/(2/y)?
6
Let o(f) = 2*f - 1 + f**3 - 3*f + 4*f**2 - 5*f**2. Let z be o(2). Suppose c = z + 12. What is the tens digit of c?
1
Let u = 20 + 3. Let d = 88 - u. Suppose 2*b = -o + d, -2*o + 3*b - 2*b = -155. What is the units digit of o?
5
Let s(t) = -t**2 + 7*t + 1. Let r be s(7). Let m(h) = -h + 1 + 2*h + 1 - 1 - h**2. What is the units digit of m(r)?
1
Let w be (-714)/35 - (-2)/5. Let f be (-9)/2*w/(-3). What is the units digit of ((-16)/(-20))/((-1)/f)?
4
Suppose -81 - 1769 = -10*x. What is the tens digit of x?
8
Let t = 142 - -30. What is the tens digit of t?
7
Suppose 3*z - 1365 - 258 = 0. Let o = z + -367. What is the tens digit of o?
7
Suppose 0 = 4*f, g - 4*f + 10 = -4*g. Let m be 0*g*(-3)/6. Suppose 4*b - 176 = -m*b. What is the tens digit of b?
4
Suppose 2*m - 2*f + 16 = -50, -12 = 4*f. Let j = -16 - m. Suppose 112 + j = 4*b. What is the tens digit of b?
3
What is the tens digit of ((0 + 1018)*1)/(44 + -42)?
0
Let x(c) = -c**2 + 9*c + 144. What is the hundreds digit of x(0)?
1
Suppose 5 = d - 0*d. Suppose -h - l - 43 = 0, -d*h + 2*l = -2*h + 139. Let t = 96 + h. What is the units digit of t?
1
Suppose 2*j = -4*s - 2*j - 324, -3*s - 239 = 2*j. Let l = s - -187. What is the units digit of l?
0
Let x(h) = h**2 + h - 1. Let p(a) = -6*a**2 - 4*a + 4. Let t(o) = -3*p(o) - 16*x(o). What is the units digit of t(6)?
2
Suppose -x + 5*g + 10 = 0, -1 = 2*x - 3*x + 2*g. Let u(y) = 1 + 3 + 6 - 3*y. What is the units digit of u(x)?
5
Let h(u) = -65*u**2 - 9*u + 2. Let o be h(-2). What is the units digit of 2/13 - o/130?
2
Suppose -5*r = 3*s - 8*s + 400, 5*r = 4*s - 317. Suppose 5 = 2*y - s. What is the units digit of y?
4
Suppose 5*k - 9630 = 5*t, k - 3*t = 2*t + 1938. What is the units digit of k?
3
Suppose 0 = -4*s + 3 + 5. Suppose 0 = 5*z - s*z - 165. What is the units digit of z?
5
Let n = 378 - 73. What is the hundreds digit of n?
3
Let w(f) = f**3 + f**2 + f + 250. What is the hundreds digit of w(0)?
2
Let l = -9 + 10. Let n be l/(-3*(-3)/36). Suppose 202 - 44 = n*k + u, 2*u - 4 = 0. What is the tens digit of k?
3
Suppose 2*w = 3*y - 373, -5*y + 3*w - 5*w = -611. Let t = y - 69. What is the tens digit of t?
5
Let o be ((-156)/(-54))/13 - (-1564)/9. Let h = o + -54. What is the hundreds digit of h?
1
Suppose -2*h + 5*p + 224 = 0, 5*p - 135 = -h + 7. Let j = 219 - h. What is the units digit of j?
7
Let w(c) = -c - 13. Let u be w(-10). Suppose -r + 21 = -4*r. Let m = u - r. What is the units digit of m?
4
Let o(w) = -60*w**3 + 7*w**2 + 6*w - 17. What is the units digit of o(-4)?
1
Let t(z) be the third derivative of 5*z**4/24 - 4*z**3 + 13*z**2. What is the units digit of t(10)?
6
Suppose 17 = -3*f + 671. What is the tens digit of f?
1
Suppose 4*j - 2*w + 38 = 0, 3*j + 5*w = -0*w - 9. Let m = j - -13. Suppose 31 = 2*n - 0*n + m*h, -3*n = -4*h - 81. What is the units digit of n?
3
Let d(v) = -v**2 + 8*v - 4. Let p be d(7). Let z(c) = 3*c + 3 + 24*c**2 - 2 + 0 - p. What is the tens digit of z(1)?
2
Suppose 10*g = -3*g + 11297. What is the units digit of g?
9
Suppose -x + 2*i = 5, x + 4*i = -x - 26. Let o(j) = j**3 + 11*j**2 + 13*j + 5. What is the tens digit of o(x)?
5
What is the hundreds digit of 121*-3*2/(3 + -5)?
3
Suppose 0 = r + 5*k - 21, 19*r + k = 15*r + 122. What is the units digit of r?
1
Suppose 0 = 29*v - 34686 - 3623. What is the tens digit of v?
2
Let d = 5877 + -2043. What is the thousands digit of d?
3
Let h(z) = -6*z - 2. Let u be h(-1). Suppose -4*y = 12, -3*x + 148 = u*y - 20. Let m = x - 40. What is the tens digit of m?
2
Let m = 43 + -53. What is the units digit of (-60)/100 - 206/m?
0
Let q(w) = -13 + 4*w**3 + 2*w - 7*w**2 - 5*w**3 + 19. What is the tens digit of q(-8)?
5
Let b(m) = m**3 - 6*m**2 + 3*m - 13. Let g be b(6). What is the units digit of 1452/20 - (-2)/g?
3
Suppose -5*y - 5 = -0*y. Let a = y - 5. Let q = a - -9. What is the units digit of q?
3
Suppose 2*x - x = c, -x = -1. Let h be c + -3 + 2 + 95. Let k = h + -60. What is the units digit of k?
5
Let f(z) = z**2 - 18*z - 99. Let i be f(23). Let b = 2 + 0. Suppose 4*a - i = b*a. What is the units digit of a?
8
What is the tens digit of ((-150*8)/(-3) - 4) + 3?
9
Let x(k) = -k**3 - 20*k**2 - 13*k + 116. Let t be x(-19). Suppose p - 4*p = -9. Suppose p*j + t*j = 30. What is the units digit of j?
6
Suppose -4*u - 12 = -240. Let c = u + -14. What is the units digit of c?
3
Let i(u) be the first derivative of u**3/3 - u**2/2 - u - 9. Let t(j) = 6*j**2 - 22*j - 25. Let m(b) = 5*i(b) - t(b). What is the units digit of m(15)?
0
Let h be 1/(-3) + 64803/9. What is the tens digit of (-2)/(-11) - h/(-88)?
8
Let q be (-210)/(-45)*(-12)/(-14). Suppose -80 - 140 = -q*m. What is the units digit of m?
5
Suppose -3*c = 96 - 312. Suppose